d d?
10
Let j be (0/(-13))/(((-8)/(-2))/(-2)). Suppose j*z = 5*z - 20. Let u = -23 - -55. Calculate the highest common factor of u and z.
4
Let j be (-27)/81 - ((-536)/6 + 2). Calculate the greatest common divisor of 2001 and j.
87
Suppose 4*p = 82 + 118. Suppose -p = 2*u + 76. Let k = 89 + u. What is the highest common factor of 78 and k?
26
Let n be (-256)/(-640) + 73/5. Let w = -212 - -317. Calculate the greatest common divisor of n and w.
15
Suppose -w - w + 10 = 0, -l + 3*w + 1 = 0. Let o(m) = m**3 - 16*m**2 + 6*m - 15. Let d be o(l). Calculate the greatest common factor of 9 and d.
9
Suppose -70*v = -113 - 97. What is the greatest common factor of 15 and v?
3
Suppose -18 = -3*y + 3*x, -5*x - 9 = -3*y + 5. What is the highest common divisor of y and 536?
8
Suppose 24*q - 20*q = 0. Let y be (2 + (-112)/6)*(q + -3). What is the highest common factor of 250 and y?
50
Let j = -545 - -769. Let c = j - 59. Suppose 56 - 16 = 2*w - 5*y, 2*w - 20 = -5*y. What is the greatest common divisor of w and c?
15
Suppose -5*v + v + 36 = 0. Let r be (-230)/(-55) - -2*(-2)/22. Suppose 0 = r*a - a - 9. What is the highest common factor of v and a?
3
Let f(p) = 10*p**3 - 4*p**2 + 3*p. Let m be f(2). Let v be m/(-21)*1*-3. Calculate the highest common divisor of v and 4.
2
Let k(h) = h**3 + 30*h**2 - 33*h - 44. Let v be k(-31). Calculate the greatest common factor of 171 and v.
9
Let j be (-6)/33 - 369/(-33). Let t = -10 - -7. Let q be 8 + (2 - (t - -2)). What is the greatest common divisor of q and j?
11
Let b(m) = -122*m**3 - 8*m - 7. Let j(q) = q**3 + q + 1. Let s(c) = b(c) + 6*j(c). Let w be s(-1). Calculate the highest common factor of 13 and w.
13
Let n(z) = z**3 + 7*z**2 + z - 8. Let w be n(-3). What is the greatest common factor of 55 and w?
5
Let y be (-11)/(132/272)*(-3 - 0). Suppose -z - 4*z = -850. What is the highest common divisor of y and z?
34
Let w(d) be the third derivative of d**6/120 - d**5/6 + 13*d**4/24 - 10*d**2. Let m = -12 - -21. Let v be w(m). What is the highest common divisor of v and 24?
12
Let c be 4 + (-1 - (-2 - -3)). Suppose c*o - 1 = 3. Suppose -2*b = -j - 29, o*b - 2*j - 10 - 22 = 0. Calculate the greatest common divisor of 13 and b.
13
Let j be (-684)/114 - -626*1. Calculate the highest common divisor of 20 and j.
20
Let z(u) = 4*u - 229. Let o be z(59). What is the highest common divisor of o and 1939?
7
Let b be 8 + 8/40*125. What is the highest common divisor of b and 1320?
33
Let p = 651 - 579. Calculate the greatest common factor of 72 and p.
72
Suppose -r = 4*r - 20. Suppose 83 + 18 = r*c + 3*j, -4*c = -j - 105. Suppose -2*s = -4*s + c. What is the highest common factor of s and 104?
13
Let h = 127 + -104. Suppose -5*r + 0*f + 2*f = -1269, -5*r - 3*f = -1259. Calculate the greatest common factor of r and h.
23
Let j = -7 - -11. Let x be j/(-6) - (-28)/(-12). Let a(s) = -2*s**3 - 2*s**2. Let p be a(x). Calculate the highest common divisor of 12 and p.
12
Let v = 1294 + -1141. What is the highest common divisor of 204 and v?
51
Let h = -4 - -7. Suppose -1807*x - 4 = -1811*x. Calculate the greatest common divisor of x and h.
1
Suppose 0 = -19*c + 47379 - 12115. Calculate the highest common factor of 4 and c.
4
Suppose -4*t = 4*s - 272, 0 = 2*s + 14*t - 10*t - 144. What is the greatest common divisor of 80 and s?
16
Let o(i) = 4 + 10*i + 8 + i**2 + 1. Let h be o(-9). Let d(p) = 7*p**2 - 5*p + 7. Let n be d(h). What is the highest common divisor of 11 and n?
11
Suppose 4*d = 5 + 7. Calculate the greatest common factor of 2 and d.
1
Let z be 1*2/(-6)*-3. Let k be 23 - (-4)/((-3)/z - -1). What is the greatest common divisor of k and 168?
21
Suppose -6*w + 24 = -24. Let n(r) = r**3 - 7*r**2 - 6*r + 2. Let u be n(w). Suppose 5*q - 7 = u. Calculate the highest common factor of q and 15.
5
Let x = -17 - -31. Let k = x + 20. Suppose 3*c - 2*c = 17. Calculate the highest common factor of c and k.
17
Let s be (-232)/4*(-10)/20. Calculate the greatest common divisor of 377 and s.
29
Let u = 465 - 436. Calculate the highest common factor of u and 1.
1
Let j(g) = g + 12. Let v be j(-9). Let i be (-150)/((-15)/v) + -4. What is the highest common factor of i and 208?
26
Suppose 0*x - 5940 = -11*x. What is the highest common factor of 240 and x?
60
Let m = -47 - -152. Suppose 0 = -3*y + 10*y - m. Calculate the greatest common factor of y and 10.
5
Let n(v) = -2*v**2 - 42*v - 57. Let i be n(-18). Calculate the highest common divisor of 255 and i.
51
Suppose 272 = 6*r - 2*r. What is the greatest common factor of r and 17?
17
Suppose -345 = -5*o + 400. Suppose 4*t - o = -3*c, -3*c - t = t - 157. What is the greatest common factor of 5 and c?
5
Suppose 30*k = 28*k + 18. Suppose -5*t = -f + 1 + 3, 0 = -5*f + 20. Suppose -10*u + k*u + 28 = t. Calculate the greatest common divisor of u and 28.
28
Suppose -33*k + 4455 = -30*k. Suppose -k = 5*w - 14*w. What is the greatest common factor of w and 15?
15
Let f = -18 + 20. Suppose 17 = -f*h + 3*h + 3*z, 4*h - 5*z = 34. Suppose -8*g + h*g - 375 = 0. Calculate the highest common factor of 25 and g.
25
Let g = 867 + -776. What is the highest common divisor of g and 63?
7
Let r = -664 + 672. Calculate the highest common divisor of 36 and r.
4
Suppose 3*w = 6 + 6. Let i = 23 + w. Let q = -159 - -348. What is the highest common factor of q and i?
27
Let p = -4275 - -8606. Calculate the highest common factor of p and 61.
61
Let t(u) = -522*u - 5. Let v(z) = z**3 + 3*z**2 - 12*z - 11. Let j be v(-5). Let d be t(j). Calculate the highest common divisor of 47 and d.
47
Suppose 15*a = 10*a - 265. Let n = a - -65. What is the greatest common divisor of n and 108?
12
Suppose 49 = 4*a - 3*f - 6, -3*f = 3*a - 57. Let o(v) = v - 10. Let p be o(0). Let x = a + p. Calculate the greatest common factor of x and 48.
6
Suppose -4*c = -181 + 41. Let q be ((-10)/2)/((-5)/c). What is the highest common divisor of q and 5?
5
Let j(v) = -255*v**3 - v. Let a be j(-1). Let s be (0 - (-1)/6) + (-43)/(10578/(-3895)). Calculate the highest common factor of a and s.
16
Let w be (-21)/(-3) + 2 - 3. Let z be (-170)/(-4) - (-2)/(-4). Calculate the highest common divisor of z and w.
6
Suppose -5*o + 2*k + 175 = 7*k, 2*o - 42 = 5*k. Calculate the highest common divisor of o and 217.
31
Suppose 2*i + i - 120 = 0. Let f(k) = -k**2 + 25*k - 126. Let b be f(8). What is the highest common divisor of b and i?
10
Suppose -t - 1602 = -17*m + 12*m, 5*m = -4*t + 1592. Calculate the greatest common factor of 16 and m.
16
Let w(l) = -413*l - 2046. Let f be w(-5). Let v(a) = 134*a**2 + a. Let h be v(-1). What is the greatest common divisor of h and f?
19
Suppose -26*i + 2609 = -4463. What is the highest common divisor of 34 and i?
34
Let j(g) = 7*g + 23. Let i be j(3). Calculate the greatest common factor of i and 11.
11
Let i = -445 + 469. Calculate the highest common factor of i and 16.
8
Suppose v = -2*v + 120. Suppose 30 = 5*z + 4*y, 0 = 2*z + z - 2*y - v. Calculate the greatest common divisor of z and 1.
1
Let x = 1 + -6. Let z(i) = -i**3 - 4*i**2 - 3*i. Let r be z(x). Calculate the greatest common factor of r and 10.
10
Suppose 5*v = b - 85, 3*v - 139 = -3*b + 62. What is the highest common factor of b and 14?
14
Suppose 0 = -4*l - 3*y + 116, l + 2 - 32 = -y. Suppose 26 = 2*g - 0. Calculate the highest common divisor of g and l.
13
Let h be (45/12)/(1*3/16). Suppose 3*y + 5*o = 20, 4*o + 4 = y + 3*o. What is the greatest common divisor of y and h?
5
Let c(h) = 3*h + 4. Let g = -26 + 33. Let y be c(g). Calculate the greatest common factor of 75 and y.
25
Let r be (-1)/(3/12)*702/(-24). Calculate the greatest common factor of 9 and r.
9
Suppose 3*v = -5*f - 46 - 85, 4*f + 2*v + 106 = 0. Let d = -14 - f. Let i(w) = 35*w - 238. Let t be i(7). Calculate the greatest common factor of t and d.
7
Let b = 2503 + -2371. Let m be (1*-1)/(1/(-12)). Calculate the greatest common divisor of m and b.
12
Let d be 65*(2 + (-48)/(-20)). Let g be 5/((-15)/(-84)) + -2. Calculate the greatest common factor of g and d.
26
Suppose -3*c + 2*d = -3*d + 42, -5*c - 2*d = 101. Suppose -4*l - 5 = 39. Let w = l - c. What is the greatest common factor of 8 and w?
8
Let h be 205 - ((-6)/(-21) - (-111)/(-21)). What is the highest common factor of 42 and h?
42
Let c = -21 -